 b = l + g. List the prime factors of b.
2, 13
What are the prime factors of (-148)/(-12)*(3 - -3)?
2, 37
Let j(t) = t**3 - 10*t**2 - 15*t + 19. Let b be j(11). What are the prime factors of b/50 - 37/(-2)?
2, 3
Let h be (4/5)/(20/50). Suppose -h*n - 16 = 30. Let s = n + 34. List the prime factors of s.
11
Let q be 4*9/12 + -3. Suppose -4*h + 2*h + 440 = q. What are the prime factors of h?
2, 5, 11
Let v(r) = r**2 - 11*r + 34. Let n be v(8). Suppose 4*d - 8 = -h + 12, -23 = -h - 5*d. What are the prime factors of h/6*75/n?
2, 5
Let v = 90 + 1009. List the prime factors of v.
7, 157
Let g = 29 - -2907. What are the prime factors of g?
2, 367
List the prime factors of 4 + (3 - (-1251)/(-6)*-4).
29
Let n(i) = -51*i + 3. Let m(z) = -3*z**2 - z + 1. Let g be m(-2). Let h(a) = -a - 10. Let w be h(g). List the prime factors of n(w).
2, 3
Suppose -4 = 3*y - 2*p, 2*y = -p - 4 + 6. Suppose z = -4*r + 361, z - 1 + 0 = y. What are the prime factors of r?
2, 3, 5
Let w = 76 + -68. What are the prime factors of ((-16)/24)/((w/21)/(-4))?
7
Suppose -4*t = -1819 - 41. List the prime factors of t.
3, 5, 31
Let b(o) = 14*o**2 + 4*o - 2. List the prime factors of b(7).
2, 89
Suppose -3*o = -11*o - 624. Let f = o - -140. List the prime factors of f.
2, 31
Suppose -4*x + 24 = -2*p + 6, -3*p = 4*x - 23. Suppose -2*b - 70 = -4*g, -99 = -x*g - b - 22. Let k = -14 + g. What are the prime factors of k?
2
Let m = 11 - 8. Suppose -4*s + m*d + 11 = 0, -2*s + 5*d - 3 = -6*s. Suppose s*p - 17 = -11. List the prime factors of p.
3
Suppose 0*h = -5*h. Suppose h = -2*j + 2*m + 60, 0*m = 3*j - m - 80. Suppose -i - 4 = -1, 2*d - j = -i. List the prime factors of d.
2, 7
Let s = -16 + 705. What are the prime factors of s?
13, 53
Let u be 169 - (-1 + (0 - -4)). Let s = -119 + u. List the prime factors of s.
47
Let p = 34 + -7. Let h be p/(-24)*-6*-4. List the prime factors of (-615)/h + 6/27.
23
Let v(s) = -3*s**3 + 7*s**2 + 5*s + 14. List the prime factors of v(-6).
2, 13, 17
Let z(u) = 6*u - 3. Let k(x) = 3*x - 1. Let n(v) = 5*k(v) - 3*z(v). Let o be n(4). Let b = o + 25. What are the prime factors of b?
17
Let l = -917 + 5778. List the prime factors of l.
4861
Suppose 24 = 3*w - 9*w. Let a(b) = -18*b - 3. What are the prime factors of a(w)?
3, 23
What are the prime factors of (-4 - (-45)/(-9)) + 124?
5, 23
Let h(s) = -5*s - 6. Let g be h(6). Let v be 1268/g - (-6)/27. List the prime factors of ((-110)/v)/(1/7).
2, 11
Suppose 37*d = 45*d - 7240. What are the prime factors of d?
5, 181
Let n = 1634 + -719. What are the prime factors of n?
3, 5, 61
Suppose 9*g = 14*g - 20. Suppose -5*y + 92 + 120 = -g*l, -l + 197 = 5*y. Suppose d - 5*d + y = 0. What are the prime factors of d?
2, 5
Let a = -17 + 132. Suppose 7*y - 88 = a. List the prime factors of y.
29
Let p = -4868 + 8663. List the prime factors of p.
3, 5, 11, 23
Let u(g) = -g**2 - 2*g + 7. Let n be u(-3). Let m = 5 - 8. List the prime factors of (7 - 10)/(m/n).
2
What are the prime factors of (1 + 1)/((-36)/(-80946))?
3, 1499
Let v(i) = 18*i**2 + 4*i + 3. Let s(j) = j**3 + 6*j**2 - 9*j - 16. Let u be s(-7). List the prime factors of v(u).
67
Suppose -13416 = -14*u + 2*u. List the prime factors of u.
2, 13, 43
Suppose 5*l = 2*q + 2*l + 11, q = 3*l - 10. Suppose -5*k = -4*g - 73, -2*g - 5*k - 30 = -k. What are the prime factors of (g - -15) + (q - -9)?
2, 3
Suppose 2*u = 4*u + 4*v + 192, 0 = 3*u - 2*v + 280. Let o = -59 - u. Suppose n + o = 4*y - 14, -5*y - 2*n + 45 = 0. List the prime factors of y.
11
Suppose z - 20*z = -44631. List the prime factors of z.
3, 29
Suppose -i - 6 = 14. Let f = -22 - i. Let z = 43 + f. What are the prime factors of z?
41
Suppose p + 2*g = -3*g + 20, 0 = 5*p + 4*g - 37. Suppose 2*q = q - 5*o + 91, p = o. What are the prime factors of q?
2, 3, 11
Let h be (-539)/(-55) + (-1)/(-5). Suppose 0 = 4*w - p - 25 - h, -3*p - 6 = -w. List the prime factors of w.
3
Suppose 97*u - 95*u + q - 10335 = 0, -2*u + 10336 = 2*q. What are the prime factors of u?
5167
Let r = 305 + -83. What are the prime factors of r?
2, 3, 37
Suppose 0 = 7*n + 262 - 878. Let s = n - -4. What are the prime factors of s?
2, 23
Suppose 4*y = 6*y + 2*c - 7198, 10825 = 3*y - 4*c. What are the prime factors of y?
3, 1201
Let l be (4 - (-1 - (-34)/6))*-39. Let p = 1 - 2. What are the prime factors of l - p - (-3 - -5)?
5
Let i be ((-103)/4)/((-1)/4). Suppose 5*a + f = i, 5*f = 11*a - 6*a - 85. What are the prime factors of a?
2, 5
Suppose 3*o = -0*o + u + 42, 0 = -4*u. Let v = 19 - o. Suppose 4*m + v*k - 20 = 19, k - 43 = -4*m. List the prime factors of m.
11
Let j(z) = 21*z**2 + 6*z + 12. What are the prime factors of j(4)?
2, 3, 31
Suppose 15738 = 18*f - 15042. What are the prime factors of f?
2, 3, 5, 19
Suppose -61*s = -52*s - 10566. List the prime factors of s.
2, 587
Let p(a) = -a**2 + 6*a - 2. Let j be p(11). Let g = j - -69. List the prime factors of g.
2, 3
Suppose -30*s = -27*s - 2022. List the prime factors of s.
2, 337
Let q be (-8)/(-12) + 37/3. Suppose -q*p = -2141 + 633. What are the prime factors of p?
2, 29
Suppose -7*w = -5*w + 3*s + 19, -w + 4*s + 18 = 0. What are the prime factors of 2/(-9) - w*(-58)/(-36)?
3
Suppose 4*z - 5*j - 2949 - 1402 = 0, 3249 = 3*z + j. List the prime factors of z.
2, 271
Suppose 0 = -2*p + 5*m + 1039, -4*m = p - 243 - 283. List the prime factors of p.
2, 3, 29
Let i = 507 - 376. List the prime factors of i.
131
Suppose -57 = 16*a - 13*a. Let j = 30 + a. What are the prime factors of j?
11
Let t = -4 + 14. Suppose 2*y - 20 = s, -5*y - t = -6*y - 3*s. Let d(m) = m**2 - 4*m - 7. What are the prime factors of d(y)?
53
Let l(m) = -m**2 - 46*m + 198. List the prime factors of l(-49).
3, 17
Let c(x) = 5*x. Let h be c(-2). Let v(u) be the first derivative of u**2/2 + 12*u - 36. List the prime factors of v(h).
2
Let n = 10 + -8. Suppose 2*t - 159 = -h, -3*t - n*h - 3*h = -235. List the prime factors of t.
2, 5
Let m(o) = o**3 + 36*o**2 + 15*o + 146. List the prime factors of m(-34).
2, 487
What are the prime factors of 27/((-810)/100)*(-2676)/10?
2, 223
Let y(o) = 69*o**2 - 12*o - 106. List the prime factors of y(-8).
2, 2203
Let f be (3/1 - 5) + 29. Suppose s + 0*s - f = 0. List the prime factors of s.
3
Suppose -6*k = 448 + 38. Let w = 130 + k. What are the prime factors of w?
7
Let t be 3 - (-4 - (-7 - 0)). Suppose -2*k + 10 = -t*k. Let q(f) = -f**3 + 6*f**2 - 2*f. List the prime factors of q(k).
3, 5
Let l(g) = 2*g**2 + 5*g + 5. Let y be l(-2). Let q = 86 - y. What are the prime factors of q?
83
What are the prime factors of (52/12)/(12/1044)?
13, 29
What are the prime factors of (2330/8)/((-9)/(1404/(-13)))?
3, 5, 233
Let n = 1094 - 597. What are the prime factors of n?
7, 71
Suppose -133 + 284 = h. List the prime factors of h.
151
Suppose j - 21 = 4*c, j - 5*c = -j + 30. Suppose 3*r + j*m - 273 = 0, -m = 2*r - 3*m - 182. List the prime factors of r.
7, 13
Suppose p = 45 + 56. Let a = 179 - p. What are the prime factors of a?
2, 3, 13
Let w(p) = p**2 - 2*p + 8. Let m be w(-8). Let g = 173 - m. List the prime factors of g.
5, 17
Suppose -2*o - 477 = -t, -24*t + 1872 = -20*t + 4*o. List the prime factors of t.
3, 157
Suppose 0 = 3*z + w - 15, 5 = z - 0*z - 5*w. Let g = 68 - 4. Suppose -g = -3*i + 2*m + 2*m, 5*m + 115 = z*i. List the prime factors of i.
2, 7
Suppose 3 = -y, 53*x + 4*y - 18703 = 48*x. List the prime factors of x.
19, 197
Suppose -3*y + 2*m + 10259 = 0, 94*y - 5*m + 6871 = 96*y. What are the prime factors of y?
3, 7, 163
Let y = 4 + 0. What are the prime factors of 354/y - (-3)/6?
89
Let m = -336 - -636. Suppose -5*t + t + m = 0. Let b = -40 + t. List the prime factors of b.
5, 7
Let o(a) = -2*a + 12. Suppose 0 = -5*d + 32 - 2. Let t be o(d). Suppose -5*z + z + 32 = t. List the prime factors of z.
2
Let h(m) = m**2 + 12*m - 12. Let s be h(-10). What are the prime factors of s/6*(-15)/2?
2, 5
Let b be -30*2*6/(-9). Let s(n) = 0*n**2 + 0*n**2 + b + 24*n**3 - 23*n**3. List the prime factors of s(0).
2, 5
Let t be 120/(-14)*(-84)/12. List the prime factors of t/6 + 3 + 1.
2, 7
Suppose 8 = -4*r + 3*r. Let z = 10 + r. What are the prime factors of (-8)/(-2*z) - -11?
13
Let k = 47 - -148. What are the prime factors of k?
3, 5, 13
Let i(x) = -154*x + 61. What are the prime factors of i(-10)?
